{"id":843,"date":"2022-08-22T16:31:29","date_gmt":"2022-08-22T16:31:29","guid":{"rendered":"https:\/\/www.filzverliebt.de\/?post_type=product&#038;p=843"},"modified":"2024-07-11T13:37:42","modified_gmt":"2024-07-11T13:37:42","slug":"schwimmerin","status":"publish","type":"product","link":"https:\/\/www.filzverliebt.de\/?product=schwimmerin","title":{"rendered":"Schwimmerin Anita"},"content":{"rendered":"<p>Anita , \u00a0Schwimmerin mit \u00fcppiger Figur in malvenfarbenem Badeanzug und leuchtend orangem Schwimmreif , circa 30cm lang . Gerne fertige ich den Badeanzug f\u00fcr Sie in Ihrer Wunschfarbe an , auch die Gr\u00f6\u00dfe ist variabel, schreiben Sie mir! Dieses Produkt besteht zu 100% aus fair gehandelter Merinowolle, handgefertigt.<\/p>\n<p class=\"p1\"><span class=\"s1\"><em>Aufgrund des Kleinunternehmerstatus gem. \u00a719 UStG erhebe ich keine Mehrwertsteuer und weise sie somit auch nicht aus. Alle im Onlineshop genannten Preise, dazu z\u00e4hlen auch die Kosten f\u00fcr die Lieferung- und Versandkosten, sind Endpreise.<\/em><\/span><\/p>\n","protected":false},"excerpt":{"rendered":"<p>Anita , \u00a0Schwimmerin mit \u00fcppiger Figur in malvenfarbenem Badeanzug und leuchtend orangem Schwimmreif , circa 30cm lang . Gerne fertige ich den Badeanzug f\u00fcr Sie in Ihrer Wunschfarbe an , auch die Gr\u00f6\u00dfe ist variabel, schreiben Sie mir! Dieses Produkt besteht zu 100% aus fair gehandelter Merinowolle, handgefertigt. Aufgrund des Kleinunternehmerstatus gem. \u00a719 UStG erhebe [&hellip;]<\/p>\n","protected":false},"featured_media":839,"comment_status":"open","ping_status":"closed","template":"","meta":[],"product_cat":[15],"product_tag":[],"_links":{"self":[{"href":"https:\/\/www.filzverliebt.de\/index.php?rest_route=\/wp\/v2\/product\/843"}],"collection":[{"href":"https:\/\/www.filzverliebt.de\/index.php?rest_route=\/wp\/v2\/product"}],"about":[{"href":"https:\/\/www.filzverliebt.de\/index.php?rest_route=\/wp\/v2\/types\/product"}],"replies":[{"embeddable":true,"href":"https:\/\/www.filzverliebt.de\/index.php?rest_route=%2Fwp%2Fv2%2Fcomments&post=843"}],"wp:featuredmedia":[{"embeddable":true,"href":"https:\/\/www.filzverliebt.de\/index.php?rest_route=\/wp\/v2\/media\/839"}],"wp:attachment":[{"href":"https:\/\/www.filzverliebt.de\/index.php?rest_route=%2Fwp%2Fv2%2Fmedia&parent=843"}],"wp:term":[{"taxonomy":"product_cat","embeddable":true,"href":"https:\/\/www.filzverliebt.de\/index.php?rest_route=%2Fwp%2Fv2%2Fproduct_cat&post=843"},{"taxonomy":"product_tag","embeddable":true,"href":"https:\/\/www.filzverliebt.de\/index.php?rest_route=%2Fwp%2Fv2%2Fproduct_tag&post=843"}],"curies":[{"name":"wp","href":"https:\/\/api.w.org\/{rel}","templated":true}]}}