{"id":800,"date":"2021-11-19T09:59:53","date_gmt":"2021-11-19T09:59:53","guid":{"rendered":"https:\/\/www.filzverliebt.de\/?post_type=product&#038;p=800"},"modified":"2022-08-22T16:32:40","modified_gmt":"2022-08-22T16:32:40","slug":"kissen-flora","status":"publish","type":"product","link":"https:\/\/www.filzverliebt.de\/?product=kissen-flora","title":{"rendered":"Kissen, Flora"},"content":{"rendered":"","protected":false},"excerpt":{"rendered":"<p>Kissen, Flora<\/p>\n<p>Dekorative, angenehm weiche Kissenh\u00fclle in Beige mit Paradiesvogel und floralem Motiv . Standardma\u00df \u00a040 cm x 40 cm und Reissverschlu\u00df auf der R\u00fcckseite \u00a0Das Federkern-Kissen ist im Preis mit inbegriffen (auch ohne erh\u00e4ltlich). Gerne fertige ich das Kissen in Ihrer Wunsch-Gr\u00f6\u00dfe bzw. Farbkombinationen an.<\/p>\n<p>&nbsp;<\/p>\n<p>Dieses Produkt besteht zu 100% aus fair gehandelter Merinowolle, handgefertigt.<\/p>\n<p class=\"p1\"><span class=\"s1\"><em>Aufgrund des Kleinunternehmerstatus gem. \u00a719 UStG erhebe ich keine Mehrwertsteuer und weise sie somit auch nicht aus. Alle im Onlineshop genannten Preise, dazu z\u00e4hlen auch die Kosten f\u00fcr die Lieferung- und Versandkosten, sind Endpreise.<\/em><\/span><\/p>\n","protected":false},"featured_media":749,"comment_status":"closed","ping_status":"closed","template":"","meta":[],"product_cat":[15],"product_tag":[],"_links":{"self":[{"href":"https:\/\/www.filzverliebt.de\/index.php?rest_route=\/wp\/v2\/product\/800"}],"collection":[{"href":"https:\/\/www.filzverliebt.de\/index.php?rest_route=\/wp\/v2\/product"}],"about":[{"href":"https:\/\/www.filzverliebt.de\/index.php?rest_route=\/wp\/v2\/types\/product"}],"replies":[{"embeddable":true,"href":"https:\/\/www.filzverliebt.de\/index.php?rest_route=%2Fwp%2Fv2%2Fcomments&post=800"}],"wp:featuredmedia":[{"embeddable":true,"href":"https:\/\/www.filzverliebt.de\/index.php?rest_route=\/wp\/v2\/media\/749"}],"wp:attachment":[{"href":"https:\/\/www.filzverliebt.de\/index.php?rest_route=%2Fwp%2Fv2%2Fmedia&parent=800"}],"wp:term":[{"taxonomy":"product_cat","embeddable":true,"href":"https:\/\/www.filzverliebt.de\/index.php?rest_route=%2Fwp%2Fv2%2Fproduct_cat&post=800"},{"taxonomy":"product_tag","embeddable":true,"href":"https:\/\/www.filzverliebt.de\/index.php?rest_route=%2Fwp%2Fv2%2Fproduct_tag&post=800"}],"curies":[{"name":"wp","href":"https:\/\/api.w.org\/{rel}","templated":true}]}}