{"id":459,"date":"2020-04-17T09:04:43","date_gmt":"2020-04-17T09:04:43","guid":{"rendered":"https:\/\/www.filzverliebt.de\/?post_type=product&#038;p=459"},"modified":"2021-01-12T10:40:24","modified_gmt":"2021-01-12T10:40:24","slug":"tasche-pink","status":"publish","type":"product","link":"https:\/\/www.filzverliebt.de\/?product=tasche-pink","title":{"rendered":"Kissenh\u00fclle Hasen"},"content":{"rendered":"","protected":false},"excerpt":{"rendered":"<p>Kissenh\u00fclle Hasen<\/p>\n<p>Dekorative, angenehm weiche Kissenh\u00fclle in Altrosa \u00a0mit 3 Hasen-Silhouetten in creme, rost und hellgrau T\u00f6nen. Sonderma\u00df \u00a050 cm x 30 cm mit 3 cm Stehrand und Reissverschlu\u00df. Das Sympatex-Kissen ist im Preis mit inbegriffen (auch ohne erh\u00e4ltlich). Gerne fertige ich das Kissen in Ihrer Wunsch-Gr\u00f6\u00dfe bzw. Farbkombinationen an.<\/p>\n<p>Dieses Produkt besteht zu 100% aus fair gehandelter Merinowolle, handgefertigt in Deutschland.<\/p>\n<p>Aufgrund\u00a0<span class=\"s1\"><em>des Kleinunternehmerstatus gem. \u00a719 UStG erhebe ich keine Mehrwertsteuer und weise sie somit auch nicht aus. Alle im Onlineshop genannten Preise, dazu z\u00e4hlen auch die Kosten f\u00fcr die Lieferung- und Versandkosten, sind Endpreise.<\/em><\/span><\/p>\n","protected":false},"featured_media":415,"comment_status":"closed","ping_status":"closed","template":"","meta":[],"product_cat":[15],"product_tag":[],"_links":{"self":[{"href":"https:\/\/www.filzverliebt.de\/index.php?rest_route=\/wp\/v2\/product\/459"}],"collection":[{"href":"https:\/\/www.filzverliebt.de\/index.php?rest_route=\/wp\/v2\/product"}],"about":[{"href":"https:\/\/www.filzverliebt.de\/index.php?rest_route=\/wp\/v2\/types\/product"}],"replies":[{"embeddable":true,"href":"https:\/\/www.filzverliebt.de\/index.php?rest_route=%2Fwp%2Fv2%2Fcomments&post=459"}],"wp:featuredmedia":[{"embeddable":true,"href":"https:\/\/www.filzverliebt.de\/index.php?rest_route=\/wp\/v2\/media\/415"}],"wp:attachment":[{"href":"https:\/\/www.filzverliebt.de\/index.php?rest_route=%2Fwp%2Fv2%2Fmedia&parent=459"}],"wp:term":[{"taxonomy":"product_cat","embeddable":true,"href":"https:\/\/www.filzverliebt.de\/index.php?rest_route=%2Fwp%2Fv2%2Fproduct_cat&post=459"},{"taxonomy":"product_tag","embeddable":true,"href":"https:\/\/www.filzverliebt.de\/index.php?rest_route=%2Fwp%2Fv2%2Fproduct_tag&post=459"}],"curies":[{"name":"wp","href":"https:\/\/api.w.org\/{rel}","templated":true}]}}