{"id":458,"date":"2020-04-17T09:04:02","date_gmt":"2020-04-17T09:04:02","guid":{"rendered":"https:\/\/www.filzverliebt.de\/?post_type=product&#038;p=458"},"modified":"2021-01-12T10:38:41","modified_gmt":"2021-01-12T10:38:41","slug":"tasche-schwarz","status":"publish","type":"product","link":"https:\/\/www.filzverliebt.de\/?product=tasche-schwarz","title":{"rendered":"Kissen Eiskristall"},"content":{"rendered":"","protected":false},"excerpt":{"rendered":"<p>Kissenh\u00fclle Eiskristall<\/p>\n<p>Dekorative, angenehm weiche Kissenh\u00fclle in dunklem Grau mit wei\u00dfen Eiskristallen und violettfarbenen Ornamenten . Standardma\u00df \u00a040 cm x 40 cm mit 3 cm Stehrand und Reissverschlu\u00df. Das Federkern-Kissen ist im Preis mit inbegriffen (auch ohne erh\u00e4ltlich). Gerne fertige ich das Kissen in Ihrer Wunsch-Gr\u00f6\u00dfe bzw. Farbkombinationen an.<\/p>\n<p>Dieses Produkt besteht zu 100% aus fair gehandelter Merinowolle, handgefertigt in Deutschland.<\/p>\n<p>Aufgrund\u00a0<span class=\"s1\"><em>des Kleinunternehmerstatus gem. \u00a719 UStG erhebe ich keine Mehrwertsteuer und weise sie somit auch nicht aus. Alle im Onlineshop genannten Preise, dazu z\u00e4hlen auch die Kosten f\u00fcr die Lieferung- und Versandkosten, sind Endpreise.<\/em><\/span><\/p>\n","protected":false},"featured_media":420,"comment_status":"closed","ping_status":"closed","template":"","meta":[],"product_cat":[15],"product_tag":[],"_links":{"self":[{"href":"https:\/\/www.filzverliebt.de\/index.php?rest_route=\/wp\/v2\/product\/458"}],"collection":[{"href":"https:\/\/www.filzverliebt.de\/index.php?rest_route=\/wp\/v2\/product"}],"about":[{"href":"https:\/\/www.filzverliebt.de\/index.php?rest_route=\/wp\/v2\/types\/product"}],"replies":[{"embeddable":true,"href":"https:\/\/www.filzverliebt.de\/index.php?rest_route=%2Fwp%2Fv2%2Fcomments&post=458"}],"wp:featuredmedia":[{"embeddable":true,"href":"https:\/\/www.filzverliebt.de\/index.php?rest_route=\/wp\/v2\/media\/420"}],"wp:attachment":[{"href":"https:\/\/www.filzverliebt.de\/index.php?rest_route=%2Fwp%2Fv2%2Fmedia&parent=458"}],"wp:term":[{"taxonomy":"product_cat","embeddable":true,"href":"https:\/\/www.filzverliebt.de\/index.php?rest_route=%2Fwp%2Fv2%2Fproduct_cat&post=458"},{"taxonomy":"product_tag","embeddable":true,"href":"https:\/\/www.filzverliebt.de\/index.php?rest_route=%2Fwp%2Fv2%2Fproduct_tag&post=458"}],"curies":[{"name":"wp","href":"https:\/\/api.w.org\/{rel}","templated":true}]}}