{"id":455,"date":"2020-04-17T09:01:30","date_gmt":"2020-04-17T09:01:30","guid":{"rendered":"https:\/\/www.filzverliebt.de\/?post_type=product&#038;p=455"},"modified":"2021-01-12T12:44:33","modified_gmt":"2021-01-12T12:44:33","slug":"waermflasche-schaf","status":"publish","type":"product","link":"https:\/\/www.filzverliebt.de\/?product=waermflasche-schaf","title":{"rendered":"Herzw\u00e4rmflasche"},"content":{"rendered":"","protected":false},"excerpt":{"rendered":"<p>Herzw\u00e4rmflasche<\/p>\n<p>wundersch\u00f6n weiche H\u00fclle f\u00fcr eine herzf\u00f6rmige W\u00e4rmflasche ( 5l fashy- W\u00e4rmflasche im Preis mit inbegriffen) in zyklamfarbenem Grundton ( Innenseite pink) mit\u00a0 s\u00fc\u00dfem Schafmotiv . Die H\u00fclle kann zum Waschen abgezogen werden. Gerne fertige ich die W\u00e4rmflasche f\u00fcr Sie mit Ihrem Wunschmotiv und in Ihren Lieblingsfarben, schreiben Sie mir!!Dieses Produkt besteht zu 100% aus fair gehandelter Merinowolle, handgefertigt in Deutschland.<\/p>\n<p>Aufgrund\u00a0<span class=\"s1\"><em>des Kleinunternehmerstatus gem. \u00a719 UStG erhebe ich keine Mehrwertsteuer und weise sie somit auch nicht aus. Alle im Onlineshop genannten Preise, dazu z\u00e4hlen auch die Kosten f\u00fcr die Lieferung- und Versandkosten, sind Endpreise.<\/em><\/span><\/p>\n","protected":false},"featured_media":388,"comment_status":"closed","ping_status":"closed","template":"","meta":[],"product_cat":[15],"product_tag":[],"_links":{"self":[{"href":"https:\/\/www.filzverliebt.de\/index.php?rest_route=\/wp\/v2\/product\/455"}],"collection":[{"href":"https:\/\/www.filzverliebt.de\/index.php?rest_route=\/wp\/v2\/product"}],"about":[{"href":"https:\/\/www.filzverliebt.de\/index.php?rest_route=\/wp\/v2\/types\/product"}],"replies":[{"embeddable":true,"href":"https:\/\/www.filzverliebt.de\/index.php?rest_route=%2Fwp%2Fv2%2Fcomments&post=455"}],"wp:featuredmedia":[{"embeddable":true,"href":"https:\/\/www.filzverliebt.de\/index.php?rest_route=\/wp\/v2\/media\/388"}],"wp:attachment":[{"href":"https:\/\/www.filzverliebt.de\/index.php?rest_route=%2Fwp%2Fv2%2Fmedia&parent=455"}],"wp:term":[{"taxonomy":"product_cat","embeddable":true,"href":"https:\/\/www.filzverliebt.de\/index.php?rest_route=%2Fwp%2Fv2%2Fproduct_cat&post=455"},{"taxonomy":"product_tag","embeddable":true,"href":"https:\/\/www.filzverliebt.de\/index.php?rest_route=%2Fwp%2Fv2%2Fproduct_tag&post=455"}],"curies":[{"name":"wp","href":"https:\/\/api.w.org\/{rel}","templated":true}]}}