{"id":218,"date":"2020-04-03T12:53:10","date_gmt":"2020-04-03T12:53:10","guid":{"rendered":"https:\/\/www.filzverliebt.de\/?post_type=product&#038;p=218"},"modified":"2021-03-29T20:23:01","modified_gmt":"2021-03-29T20:23:01","slug":"vogel","status":"publish","type":"product","link":"https:\/\/www.filzverliebt.de\/?product=vogel","title":{"rendered":"Vogel"},"content":{"rendered":"","protected":false},"excerpt":{"rendered":"<p>Blaumeise<\/p>\n<p>Kleine Blaumeise, nadelgefilzt, mit Blume auf einer Mooskugel. Die Meise ist circa 13 cm hoch , die Blume 20 cm. Gerne fertige ich f\u00fcr Sie einen \u00a0Vogel Ihrer Wahl an, auch ohne Bl\u00fcte und Mooskugel , die F\u00fc\u00dfe sind auf Draht gearbeitet, und flexibel. <span class=\"s1\">Dieses Produkt besteht zu 100% aus fair gehandelter Merinowolle, handgefertigt.<\/span><\/p>\n<p class=\"p1\"><span class=\"s1\"><em>Aufgrund des Kleinunternehmerstatus gem. \u00a719 UStG erhebe ich keine Mehrwertsteuer und weise sie somit auch nicht aus. Alle im Onlineshop genannten Preise, dazu z\u00e4hlen auch die Kosten f\u00fcr die Lieferung- und Versandkosten, sind Endpreise.<\/em><\/span><\/p>\n<p>.<\/p>\n","protected":false},"featured_media":199,"comment_status":"closed","ping_status":"closed","template":"","meta":[],"product_cat":[15],"product_tag":[],"_links":{"self":[{"href":"https:\/\/www.filzverliebt.de\/index.php?rest_route=\/wp\/v2\/product\/218"}],"collection":[{"href":"https:\/\/www.filzverliebt.de\/index.php?rest_route=\/wp\/v2\/product"}],"about":[{"href":"https:\/\/www.filzverliebt.de\/index.php?rest_route=\/wp\/v2\/types\/product"}],"replies":[{"embeddable":true,"href":"https:\/\/www.filzverliebt.de\/index.php?rest_route=%2Fwp%2Fv2%2Fcomments&post=218"}],"wp:featuredmedia":[{"embeddable":true,"href":"https:\/\/www.filzverliebt.de\/index.php?rest_route=\/wp\/v2\/media\/199"}],"wp:attachment":[{"href":"https:\/\/www.filzverliebt.de\/index.php?rest_route=%2Fwp%2Fv2%2Fmedia&parent=218"}],"wp:term":[{"taxonomy":"product_cat","embeddable":true,"href":"https:\/\/www.filzverliebt.de\/index.php?rest_route=%2Fwp%2Fv2%2Fproduct_cat&post=218"},{"taxonomy":"product_tag","embeddable":true,"href":"https:\/\/www.filzverliebt.de\/index.php?rest_route=%2Fwp%2Fv2%2Fproduct_tag&post=218"}],"curies":[{"name":"wp","href":"https:\/\/api.w.org\/{rel}","templated":true}]}}

<p>Blaumeise</p>
<p>Kleine Blaumeise, nadelgefilzt, mit Blume auf einer Mooskugel. Die Meise ist circa 13 cm hoch , die Blume 20 cm. Gerne fertige ich für Sie einen  Vogel Ihrer Wahl an, auch ohne Blüte und Mooskugel , die Füße sind auf Draht gearbeitet, und flexibel. <span class="s1">Dieses Produkt besteht zu 100% aus fair gehandelter Merinowolle, handgefertigt.</span></p>
<p class="p1"><span class="s1"><em>Aufgrund des Kleinunternehmerstatus gem. §19 UStG erhebe ich keine Mehrwertsteuer und weise sie somit auch nicht aus. Alle im Onlineshop genannten Preise, dazu zählen auch die Kosten für die Lieferung- und Versandkosten, sind Endpreise.</em></span></p>
<p>.</p>
