{"id":151,"date":"2020-04-03T12:22:25","date_gmt":"2020-04-03T12:22:25","guid":{"rendered":"https:\/\/www.filzverliebt.de\/?post_type=product&#038;p=151"},"modified":"2021-01-12T13:23:27","modified_gmt":"2021-01-12T13:23:27","slug":"serviettenhalter-weiss","status":"publish","type":"product","link":"https:\/\/www.filzverliebt.de\/?product=serviettenhalter-weiss","title":{"rendered":"Bl\u00fcten , wei\u00df, lachs, orange"},"content":{"rendered":"","protected":false},"excerpt":{"rendered":"<p>Bl\u00fcten am Stil<\/p>\n<p>Dekorative Bl\u00fcten an einem langem Stil mit Bl\u00e4ttern, in verschiedenen Farben. Verwendbar \u00a0z. B. als Serviettenhalter f\u00fcr einen festlich geschm\u00fcckten Tisch. Auf Anfrage fertige ich \u00a0die Bl\u00fcten f\u00fcr \u00a0Sie \u00a0gerne in Ihren Wunschfarben an, die Anzahl ist variabel, schreiben Sie mir!<\/p>\n<p><span class=\"s1\">Dieses Produkt besteht zu 100% aus fair gehandelter Merinowolle, handgefertigt. <\/span><\/p>\n<p>Aufgrund\u00a0<span class=\"s1\"><em>des Kleinunternehmerstatus gem. \u00a719 UStG erhebe ich keine Mehrwertsteuer und weise sie somit auch nicht aus. Alle im Onlineshop genannten Preise, dazu z\u00e4hlen auch die Kosten f\u00fcr die Lieferung- und Versandkosten, sind Endpreise.<\/em><\/span><\/p>\n","protected":false},"featured_media":144,"comment_status":"closed","ping_status":"closed","template":"","meta":[],"product_cat":[15],"product_tag":[],"_links":{"self":[{"href":"https:\/\/www.filzverliebt.de\/index.php?rest_route=\/wp\/v2\/product\/151"}],"collection":[{"href":"https:\/\/www.filzverliebt.de\/index.php?rest_route=\/wp\/v2\/product"}],"about":[{"href":"https:\/\/www.filzverliebt.de\/index.php?rest_route=\/wp\/v2\/types\/product"}],"replies":[{"embeddable":true,"href":"https:\/\/www.filzverliebt.de\/index.php?rest_route=%2Fwp%2Fv2%2Fcomments&post=151"}],"wp:featuredmedia":[{"embeddable":true,"href":"https:\/\/www.filzverliebt.de\/index.php?rest_route=\/wp\/v2\/media\/144"}],"wp:attachment":[{"href":"https:\/\/www.filzverliebt.de\/index.php?rest_route=%2Fwp%2Fv2%2Fmedia&parent=151"}],"wp:term":[{"taxonomy":"product_cat","embeddable":true,"href":"https:\/\/www.filzverliebt.de\/index.php?rest_route=%2Fwp%2Fv2%2Fproduct_cat&post=151"},{"taxonomy":"product_tag","embeddable":true,"href":"https:\/\/www.filzverliebt.de\/index.php?rest_route=%2Fwp%2Fv2%2Fproduct_tag&post=151"}],"curies":[{"name":"wp","href":"https:\/\/api.w.org\/{rel}","templated":true}]}}