{"id":2,"date":"2020-04-03T07:21:20","date_gmt":"2020-04-03T07:21:20","guid":{"rendered":"https:\/\/www.filzverliebt.de\/?page_id=2"},"modified":"2021-11-20T20:57:10","modified_gmt":"2021-11-20T20:57:10","slug":"sample-page","status":"publish","type":"page","link":"https:\/\/www.filzverliebt.de\/?page_id=2","title":{"rendered":"Filz Kurse"},"content":{"rendered":"\n<div class=\"wp-block-cover alignfull\" style=\"background-image:url(https:\/\/www.filzverliebt.de\/wp-content\/uploads\/2020\/04\/MG_7879-1-scaled-e1586013669548.jpg);background-position:56% 34%\"><div class=\"wp-block-cover__inner-container is-layout-flow wp-block-cover-is-layout-flow\">\n<p class=\"has-text-align-center has-large-font-size\"><strong>F\u00fcr Anf\u00e4nger und S\u00fcchtige<\/strong><\/p>\n<\/div><\/div>\n\n\n\n<p><\/p>\n\n\n\n<p>Filzen mit Spa\u00df!<\/p>\n\n\n\n<p>Ich biete Kurse f\u00fcr Kinder, Jugendliche und Erwachsene an, f\u00fcr Anf\u00e4nger und S\u00fcchtige &#8211; in kleiner und privater Atmosph\u00e4re. Gerne auf besonderen Wunsch: Kindergeburtstag in meiner Werkst\u00e4tte!<\/p>\n\n\n\n<p>Kontaktieren Sie mich, wenn sie Interesse an Terminen und Details zu den Kursen haben.&nbsp;<\/p>\n\n\n\n<div style=\"height:355px\" aria-hidden=\"true\" class=\"wp-block-spacer\"><\/div>\n\n\n\n<p><\/p>\n","protected":false},"excerpt":{"rendered":"<p>Filzen mit Spa\u00df! Ich biete Kurse f\u00fcr Kinder, Jugendliche und Erwachsene an, f\u00fcr Anf\u00e4nger und S\u00fcchtige &#8211; in kleiner und privater Atmosph\u00e4re. Gerne auf besonderen Wunsch: Kindergeburtstag in meiner Werkst\u00e4tte! Kontaktieren Sie mich, wenn sie Interesse an Terminen und Details zu den Kursen haben.&nbsp;<\/p>\n","protected":false},"author":1,"featured_media":0,"parent":0,"menu_order":0,"comment_status":"closed","ping_status":"closed","template":"","meta":{"footnotes":""},"_links":{"self":[{"href":"https:\/\/www.filzverliebt.de\/index.php?rest_route=\/wp\/v2\/pages\/2"}],"collection":[{"href":"https:\/\/www.filzverliebt.de\/index.php?rest_route=\/wp\/v2\/pages"}],"about":[{"href":"https:\/\/www.filzverliebt.de\/index.php?rest_route=\/wp\/v2\/types\/page"}],"author":[{"embeddable":true,"href":"https:\/\/www.filzverliebt.de\/index.php?rest_route=\/wp\/v2\/users\/1"}],"replies":[{"embeddable":true,"href":"https:\/\/www.filzverliebt.de\/index.php?rest_route=%2Fwp%2Fv2%2Fcomments&post=2"}],"version-history":[{"count":6,"href":"https:\/\/www.filzverliebt.de\/index.php?rest_route=\/wp\/v2\/pages\/2\/revisions"}],"predecessor-version":[{"id":812,"href":"https:\/\/www.filzverliebt.de\/index.php?rest_route=\/wp\/v2\/pages\/2\/revisions\/812"}],"wp:attachment":[{"href":"https:\/\/www.filzverliebt.de\/index.php?rest_route=%2Fwp%2Fv2%2Fmedia&parent=2"}],"curies":[{"name":"wp","href":"https:\/\/api.w.org\/{rel}","templated":true}]}}

<div class="wp-block-cover alignfull" style="background-image:url(https://www.filzverliebt.de/wp-content/uploads/2020/04/MG_7879-1-scaled-e1586013669548.jpg);background-position:56% 34%"><div class="wp-block-cover__inner-container is-layout-flow wp-block-cover-is-layout-flow">
<p class="has-text-align-center has-large-font-size"><strong>Für Anfänger und Süchtige</strong></p>
</div></div>



<p></p>



<p>Filzen mit Spaß!</p>



<p>Ich biete Kurse für Kinder, Jugendliche und Erwachsene an, für Anfänger und Süchtige &#8211; in kleiner und privater Atmosphäre. Gerne auf besonderen Wunsch: Kindergeburtstag in meiner Werkstätte!</p>



<p>Kontaktieren Sie mich, wenn sie Interesse an Terminen und Details zu den Kursen haben.&nbsp;</p>



<div style="height:355px" aria-hidden="true" class="wp-block-spacer"></div>



<p></p>

<p>Filzen mit Spaß! Ich biete Kurse für Kinder, Jugendliche und Erwachsene an, für Anfänger und Süchtige &#8211; in kleiner und privater Atmosphäre. Gerne auf besonderen Wunsch: Kindergeburtstag in meiner Werkstätte! Kontaktieren Sie mich, wenn sie Interesse an Terminen und Details zu den Kursen haben.&nbsp;</p>
